{"id":18,"date":"2025-11-19T10:12:32","date_gmt":"2025-11-19T09:12:32","guid":{"rendered":"https:\/\/databank.ovh\/?page_id=18"},"modified":"2026-02-17T16:51:33","modified_gmt":"2026-02-17T15:51:33","slug":"home","status":"publish","type":"page","link":"https:\/\/databank.ovh\/","title":{"rendered":"Benvenuti"},"content":{"rendered":"\n<div class=\"wp-block-group alignfull is-style-section-1 has-global-padding is-layout-constrained wp-block-group-is-layout-constrained is-style-section-1--1\" style=\"margin-top:0;margin-bottom:0;padding-top:var(--wp--preset--spacing--80);padding-bottom:var(--wp--preset--spacing--80)\">\n<div class=\"wp-block-columns alignwide is-layout-flex wp-container-core-columns-is-layout-66fad18a wp-block-columns-is-layout-flex\">\n<div class=\"wp-block-column is-layout-flow wp-block-column-is-layout-flow\" style=\"padding-right:var(--wp--preset--spacing--50);flex-basis:45%\">\n<figure class=\"wp-block-image aligncenter size-full\"><img loading=\"lazy\" decoding=\"async\" width=\"1380\" height=\"920\" src=\"https:\/\/databank.ovh\/wp-content\/uploads\/2025\/11\/Copertina.jpg\" alt=\"\" class=\"wp-image-20\" srcset=\"https:\/\/databank.ovh\/wp-content\/uploads\/2025\/11\/Copertina.jpg 1380w, https:\/\/databank.ovh\/wp-content\/uploads\/2025\/11\/Copertina-300x200.jpg 300w, https:\/\/databank.ovh\/wp-content\/uploads\/2025\/11\/Copertina-1024x683.jpg 1024w, https:\/\/databank.ovh\/wp-content\/uploads\/2025\/11\/Copertina-768x512.jpg 768w\" sizes=\"auto, (max-width: 1380px) 100vw, 1380px\" \/><\/figure>\n\n\n\n<div class=\"wp-block-group has-global-padding is-layout-constrained wp-block-group-is-layout-constrained\" style=\"margin-top:-12vw\"><\/div>\n<\/div>\n\n\n\n<div class=\"wp-block-column is-vertically-aligned-center is-layout-flow wp-block-column-is-layout-flow\" style=\"padding-right:0;padding-left:0;flex-basis:50%\">\n<div class=\"wp-block-group is-vertical is-layout-flex wp-container-core-group-is-layout-fe9cc265 wp-block-group-is-layout-flex\">\n<h2 class=\"wp-block-heading is-style-text-annotation is-style-text-annotation--2\">Chi siamo<\/h2>\n<\/div>\n\n\n\n<p class=\"is-style-text-subtitle has-medium-font-size is-style-text-subtitle--3\"><strong>E-Sim<\/strong>&nbsp;nasce come Mediatore Creditizio ma offre nello svolgimento della sua attivit\u00e0, una serie di servizi in collaborazione con i maggiori Istituti di Credito, tra cui la concessione di finanziamenti.<\/p>\n\n\n\n<p class=\"is-style-text-subtitle has-medium-font-size is-style-text-subtitle--4\">E-Sim \u00e8 un operatore iscritto all\u2019Albo e sottoposto al controllo di Banca d\u2019Italia. Attraverso le nostre partnership la nostra azienda riesce a soddisfare la domanda di accesso a prodotti e servizi ampia e diversificata. Presso la nostra agenzia il cliente pu\u00f2 trovare soluzioni alle proprie necessit\u00e0 di reperimento del finanziamento o della polizza assicurativa pi\u00f9 adatta alle proprie esigenze attraverso una consulenza personalizzata in grado di offrire risposte efficaci e costruite su misura.<\/p>\n<\/div>\n<\/div>\n<\/div>\n\n\n\n<div class=\"wp-block-group alignfull has-global-padding is-layout-constrained wp-container-core-group-is-layout-ebee8dc1 wp-block-group-is-layout-constrained\" style=\"margin-top:0;margin-bottom:0;padding-top:var(--wp--preset--spacing--50);padding-bottom:var(--wp--preset--spacing--50)\">\n<h2 class=\"wp-block-heading alignwide\">I nostri servizi<\/h2>\n\n\n\n<div class=\"wp-block-columns alignwide is-layout-flex wp-container-core-columns-is-layout-28f84493 wp-block-columns-is-layout-flex\">\n<div class=\"wp-block-column is-layout-flow wp-block-column-is-layout-flow\">\n<figure class=\"wp-block-image size-full\" style=\"margin-bottom:24px\"><img loading=\"lazy\" decoding=\"async\" width=\"1200\" height=\"740\" src=\"https:\/\/databank.ovh\/wp-content\/uploads\/2025\/11\/Condominio.jpg\" alt=\"\" class=\"wp-image-23\" style=\"aspect-ratio:4\/3;object-fit:cover\" srcset=\"https:\/\/databank.ovh\/wp-content\/uploads\/2025\/11\/Condominio.jpg 1200w, https:\/\/databank.ovh\/wp-content\/uploads\/2025\/11\/Condominio-300x185.jpg 300w, https:\/\/databank.ovh\/wp-content\/uploads\/2025\/11\/Condominio-1024x631.jpg 1024w, https:\/\/databank.ovh\/wp-content\/uploads\/2025\/11\/Condominio-768x474.jpg 768w\" sizes=\"auto, (max-width: 1200px) 100vw, 1200px\" \/><\/figure>\n\n\n\n<h3 class=\"wp-block-heading\">Servizi Condominiali<\/h3>\n\n\n\n<p>Registrati &#8211; <a href=\"https:\/\/databank.ovh\/index.php\/area-clienti\/\">Area Clienti<\/a><\/p>\n<\/div>\n\n\n\n<div class=\"wp-block-column is-layout-flow wp-block-column-is-layout-flow\">\n<figure class=\"wp-block-image size-full\" style=\"margin-bottom:24px\"><img loading=\"lazy\" decoding=\"async\" width=\"1024\" height=\"1024\" src=\"https:\/\/databank.ovh\/wp-content\/uploads\/2025\/11\/Servizi-Finanziari.jpg\" alt=\"\" class=\"wp-image-24\" style=\"aspect-ratio:4\/3;object-fit:cover\" srcset=\"https:\/\/databank.ovh\/wp-content\/uploads\/2025\/11\/Servizi-Finanziari.jpg 1024w, https:\/\/databank.ovh\/wp-content\/uploads\/2025\/11\/Servizi-Finanziari-300x300.jpg 300w, https:\/\/databank.ovh\/wp-content\/uploads\/2025\/11\/Servizi-Finanziari-150x150.jpg 150w, https:\/\/databank.ovh\/wp-content\/uploads\/2025\/11\/Servizi-Finanziari-768x768.jpg 768w\" sizes=\"auto, (max-width: 1024px) 100vw, 1024px\" \/><\/figure>\n\n\n\n<h3 class=\"wp-block-heading\">Servizi Finanziari<\/h3>\n<\/div>\n\n\n\n<div class=\"wp-block-column is-layout-flow wp-block-column-is-layout-flow\">\n<figure class=\"wp-block-image size-full\" style=\"margin-bottom:24px\"><img loading=\"lazy\" decoding=\"async\" width=\"1024\" height=\"561\" src=\"https:\/\/databank.ovh\/wp-content\/uploads\/2025\/11\/Servizi-Imo.png\" alt=\"\" class=\"wp-image-25\" style=\"aspect-ratio:4\/3;object-fit:cover\" srcset=\"https:\/\/databank.ovh\/wp-content\/uploads\/2025\/11\/Servizi-Imo.png 1024w, https:\/\/databank.ovh\/wp-content\/uploads\/2025\/11\/Servizi-Imo-300x164.png 300w, https:\/\/databank.ovh\/wp-content\/uploads\/2025\/11\/Servizi-Imo-768x421.png 768w\" sizes=\"auto, (max-width: 1024px) 100vw, 1024px\" \/><\/figure>\n\n\n\n<h3 class=\"wp-block-heading\">Servizi Immobiliari<\/h3>\n<\/div>\n<\/div>\n<\/div>\n\n\n\n<div class=\"wp-block-group alignfull has-global-padding is-layout-constrained wp-block-group-is-layout-constrained\" style=\"margin-top:0;margin-bottom:0;padding-top:var(--wp--preset--spacing--60);padding-bottom:var(--wp--preset--spacing--60)\">\n<h2 class=\"wp-block-heading alignwide has-text-align-center\">IN VETRINA<\/h2>\n\n\n\n<div style=\"height:var(--wp--preset--spacing--40)\" aria-hidden=\"true\" class=\"wp-block-spacer\"><\/div>\n\n\n\n<div class=\"wp-block-columns alignwide is-layout-flex wp-container-core-columns-is-layout-1d9f35bd wp-block-columns-is-layout-flex\">\n<div class=\"wp-block-column has-border-color is-layout-flow wp-block-column-is-layout-flow\" style=\"border-color:var(--wp--preset--color--accent-6);border-width:1px;border-radius:10px;padding-top:var(--wp--preset--spacing--50);padding-right:var(--wp--preset--spacing--50);padding-bottom:var(--wp--preset--spacing--50);padding-left:var(--wp--preset--spacing--50)\">\n<figure class=\"wp-block-image aligncenter size-large is-resized\"><img loading=\"lazy\" decoding=\"async\" width=\"1024\" height=\"768\" src=\"http:\/\/databank.ovh\/wp-content\/uploads\/2025\/11\/18.11.25-7-1024x768.jpg\" alt=\"\" class=\"wp-image-44\" style=\"width:346px;height:auto\" srcset=\"https:\/\/databank.ovh\/wp-content\/uploads\/2025\/11\/18.11.25-7-1024x768.jpg 1024w, https:\/\/databank.ovh\/wp-content\/uploads\/2025\/11\/18.11.25-7-300x225.jpg 300w, https:\/\/databank.ovh\/wp-content\/uploads\/2025\/11\/18.11.25-7-768x576.jpg 768w, https:\/\/databank.ovh\/wp-content\/uploads\/2025\/11\/18.11.25-7-1536x1152.jpg 1536w, https:\/\/databank.ovh\/wp-content\/uploads\/2025\/11\/18.11.25-7.jpg 2048w\" sizes=\"auto, (max-width: 1024px) 100vw, 1024px\" \/><\/figure>\n<\/div>\n\n\n\n<div class=\"wp-block-column has-border-color is-layout-flow wp-block-column-is-layout-flow\" style=\"border-color:var(--wp--preset--color--accent-6);border-width:1px;border-radius:10px;padding-top:var(--wp--preset--spacing--50);padding-right:var(--wp--preset--spacing--50);padding-bottom:var(--wp--preset--spacing--50);padding-left:var(--wp--preset--spacing--50)\">\n<h2 class=\"wp-block-heading\" id=\"single\">Locale in vendita<\/h2>\n\n\n\n<p class=\"has-large-font-size\"><em>Molfetta &#8211; via Cap. Azzarita, 19<\/em><\/p>\n\n\n\n<p>Importo richiesto:  <strong>\u20ac 100.000,00<\/strong><\/p>\n\n\n\n<ul style=\"padding-bottom:var(--wp--preset--spacing--20);padding-left:var(--wp--preset--spacing--20)\" class=\"wp-block-list is-style-checkmark-list has-small-font-size\">\n<li>Categoria: Locale &#8211; Rif. 110825<\/li>\n\n\n\n<li>Tipologia: Commerciale<\/li>\n\n\n\n<li>Piano: Terra<\/li>\n\n\n\n<li>Mq: 44<\/li>\n\n\n\n<li>Vani: 2<\/li>\n\n\n\n<li>Condizioni : Ottime<\/li>\n\n\n\n<li>ZONA: Centro &#8211; Levante, splendido locale angolare con tre ingressi. Finemente ristrutturato l&#8217;immobile dispone di un ampio vano, disimpegno, bagno e soppalco abitabile.<\/li>\n<\/ul>\n\n\n\n<div class=\"wp-block-buttons is-content-justification-center is-layout-flex wp-container-core-buttons-is-layout-a89b3969 wp-block-buttons-is-layout-flex\">\n<div class=\"wp-block-button has-custom-width wp-block-button__width-100 is-style-outline is-style-outline--5\"><a class=\"wp-block-button__link wp-element-button\" href=\"https:\/\/wwww.sumupbookings.com\/e-sim-s-r-l\">Richiedi visita<\/a><\/div>\n<\/div>\n<\/div>\n<\/div>\n<\/div>\n","protected":false},"excerpt":{"rendered":"<p>Chi siamo E-Sim&nbsp;nasce come Mediatore Creditizio ma offre nello svolgimento della sua attivit\u00e0, una serie di servizi in collaborazione con i maggiori Istituti di Credito, tra cui la concessione di finanziamenti. E-Sim \u00e8 un operatore iscritto all\u2019Albo e sottoposto al controllo di Banca d\u2019Italia. Attraverso le nostre partnership la nostra azienda riesce a soddisfare la [&hellip;]<\/p>\n","protected":false},"author":1,"featured_media":0,"parent":0,"menu_order":0,"comment_status":"closed","ping_status":"closed","template":"","meta":{"footnotes":""},"class_list":["post-18","page","type-page","status-publish","hentry"],"_links":{"self":[{"href":"https:\/\/databank.ovh\/index.php\/wp-json\/wp\/v2\/pages\/18","targetHints":{"allow":["GET"]}}],"collection":[{"href":"https:\/\/databank.ovh\/index.php\/wp-json\/wp\/v2\/pages"}],"about":[{"href":"https:\/\/databank.ovh\/index.php\/wp-json\/wp\/v2\/types\/page"}],"author":[{"embeddable":true,"href":"https:\/\/databank.ovh\/index.php\/wp-json\/wp\/v2\/users\/1"}],"replies":[{"embeddable":true,"href":"https:\/\/databank.ovh\/index.php\/wp-json\/wp\/v2\/comments?post=18"}],"version-history":[{"count":20,"href":"https:\/\/databank.ovh\/index.php\/wp-json\/wp\/v2\/pages\/18\/revisions"}],"predecessor-version":[{"id":135,"href":"https:\/\/databank.ovh\/index.php\/wp-json\/wp\/v2\/pages\/18\/revisions\/135"}],"wp:attachment":[{"href":"https:\/\/databank.ovh\/index.php\/wp-json\/wp\/v2\/media?parent=18"}],"curies":[{"name":"wp","href":"https:\/\/api.w.org\/{rel}","templated":true}]}}